n base 3, what is -1021010021 + -12?
-1021010110
In base 6, what is -14502 - 3?
-14505
In base 4, what is -10 + -1?
-11
In base 15, what is 2 + -22?
-20
In base 5, what is -3 - -23343?
23340
In base 9, what is -21 - -425?
404
In base 5, what is 4 + 3024?
3033
In base 11, what is 14a0 - 0?
14a0
In base 13, what is -8 - 17?
-22
In base 15, what is -cc3 - 2?
-cc5
In base 5, what is -2 - 1243?
-1300
In base 12, what is 61 + 4?
65
In base 15, what is -1c1b + 0?
-1c1b
In base 11, what is -670 - 1?
-671
In base 4, what is 1312 + 1?
1313
In base 11, what is -577 + 2?
-575
In base 3, what is 1 - 1102?
-1101
In base 9, what is -16 + -544?
-561
In base 3, what is 12 + -1110010?
-1102221
In base 11, what is 4 + 173?
177
In base 8, what is 6 - -66?
74
In base 5, what is 242202 + 1?
242203
In base 14, what is -3 + -26b5?
-26b8
In base 6, what is -4 - -1453?
1445
In base 6, what is -2 + 114?
112
In base 15, what is 6 + 476?
47c
In base 7, what is 6 + 1213?
1222
In base 16, what is 1 - -2b?
2c
In base 15, what is -1e3 - 12?
-205
In base 13, what is 4 - 2?
2
In base 13, what is -4 + -74?
-78
In base 3, what is -1 - -221?
220
In base 7, what is 24 - -6?
33
In base 12, what is -5 + 3046?
3041
In base 10, what is 1149 + 3?
1152
In base 7, what is 4 - -435?
442
In base 5, what is -130 - 2?
-132
In base 9, what is -3 + 2371?
2367
In base 6, what is 24324 - 4?
24320
In base 3, what is 22 - 20002?
-12210
In base 11, what is -1356 + -4?
-135a
In base 12, what is -33b + 3?
-338
In base 3, what is -2102 - -10211?
1102
In base 13, what is -9 + 23?
17
In base 16, what is 4 - 10?
-c
In base 7, what is 1 + -342?
-341
In base 9, what is -4618 + 3?
-4615
In base 12, what is 0 + 10a?
10a
In base 8, what is -32 - 13?
-45
In base 7, what is 1 + 402?
403
In base 7, what is -2 + 15125?
15123
In base 10, what is 4 + -81?
-77
In base 7, what is -30565 + 0?
-30565
In base 12, what is -4 - -35?
31
In base 9, what is -7 - 8?
-16
In base 10, what is -5 + 10?
5
In base 14, what is 2b4 - 4?
2b0
In base 12, what is 4 - -27?
2b
In base 14, what is -5 - -8c5?
8c0
In base 7, what is -4 + 1261?
1254
In base 10, what is -4 + -9?
-13
In base 9, what is 4 + -35?
-31
In base 9, what is -115 - -2?
-113
In base 14, what is 2 - -178?
17a
In base 2, what is -11010000 + -110101?
-100000101
In base 4, what is -10 + -200?
-210
In base 11, what is 2a + -17?
13
In base 16, what is 4 + 31?
35
In base 8, what is 4 + -140?
-134
In base 3, what is 10 + -2?
1
In base 12, what is 26 - 14?
12
In base 2, what is 11011111 + -11?
11011100
In base 11, what is -2862 + 3?
-285a
In base 2, what is 101011000 + -10?
101010110
In base 6, what is 15 - 212?
-153
In base 8, what is -17 + 1614?
1575
In base 9, what is -10 - -111?
101
In base 12, what is 1 + 99?
9a
In base 2, what is 10111 - -1010000?
1100111
In base 13, what is -1618 - 1?
-1619
In base 10, what is -117 - -1?
-116
In base 10, what is 3212 - -3?
3215
In base 16, what is 3 + -92?
-8f
In base 3, what is -111202 - -1000?
-110202
In base 5, what is 3 + 12313?
12321
In base 6, what is 1 + 24?
25
In base 16, what is 9b6 + -5?
9b1
In base 3, what is -12 + 21120?
21101
In base 5, what is -234 + 31?
-203
In base 14, what is -7 + -ad?
-b6
In base 13, what is -ac + 17?
-95
In base 2, what is 1 + 10?
11
In base 6, what is -42 + -1005?
-1051
In base 15, what is 1dd + -2?
1db
In base 11, what is -2a3 - 0?
-2a3
In base 7, what is -16002 + 3?
-15666
In base 10, what is -1 + 2?
1
In base 13, what is 4 + 854?
858
In base 9, what is -24331 - -1?
-24330
In base 7, what is 3 - 4000?
-3664
In base 8, what is 4 - 53?
-47
In base 4, what is 1012 + -2?
1010
In base 13, what is 2 + -1a?
-18
In base 15, what is 110 + -1?
10e
In base 6, what is -34030 + -2?
-34032
In base 2, what is -101 - -1000111100011?
1000111011110
In base 12, what is 3 - a29?
-a26
In base 13, what is 804 + -5?
7cc
In base 16, what is 0 + 8?
8
In base 13, what is 4c + -6?
46
In base 13, what is 5 + 181?
186
In base 15, what is -171 + 6?
-16a
In base 7, what is 3 + 263?
266
In base 9, what is -47 - -64?
16
In base 12, what is -6 + 411?
407
In base 16, what is -5 - 96?
-9b
In base 3, what is 20022 + 11?
20110
In base 5, what is -101 - -141?
40
In base 14, what is -83 + 0?
-83
In base 8, what is -3 - 4?
-7
In base 9, what is 12 - 6?
5
In base 5, what is 32143 - 0?
32143
In base 16, what is -907 + -3?
-90a
In base 5, what is 423 - 4?
414
In base 14, what is -574 - -8?
-56a
In base 15, what is 1 + -31?
-30
In base 9, what is 111 + -15?
85
In base 14, what is 6 - -735?
73b
In base 14, what is 3 + -454?
-451
In base 9, what is -11 - -77?
66
In base 6, what is -525 - 4?
-533
In base 7, what is 3 - -60?
63
In base 14, what is 3 - -511?
514
In base 12, what is -2 - 240?
-242
In base 13, what is -4 - -117?
113
In base 12, what is 16 + -2?
14
In base 6, what is -2 - 153?
-155
In base 5, what is -2 + 2410?
2403
In base 10, what is -28 + 18?
-10
In base 5, what is 3 + -10?
-2
In base 11, what is 7 + -111?
-105
In base 6, what is 2 + -100?
-54
In base 7, what is -452 - 4?
-456
In base 14, what is -8a - 3?
-8d
In base 9, what is 147 - -2?
150
In base 6, what is -1 - -33?
32
In base 14, what is -2961 - -3?
-295c
In base 11, what is 1 + -60?
-5a
In base 8, what is -1 + -7067?
-7070
In base 7, what is 4 - -1154?
1161
In base 7, what is 6432 - -3?
6435
In base 6, what is 5 + -250?
-241
In base 5, what is -42204 + 21?
-42133
In base 4, what is 0 - -133?
133
In base 3, what is -102 + 201000?
200121
In base 3, what is 2101 - -210?
10011
In base 8, what is 364 + -4?
360
In base 7, what is 2 + 345?
350
In base 10, what is 214 - 5?
209
In base 3, what is 100022102 + 0?
100022102
In base 13, what is -12 - 5?
-17
In base 14, what is -5 + -39?
-40
In base 3, what is 1200212010 + 10?
1200212020
In base 3, what is 122201011 + 11?
122201022
In base 6, what is -2 + -1223?
-1225
In base 5, what is -4 + -12324?
-12333
In base 9, what is 207 - -5?
213
In base 12, what is a94 + -5?
a8b
In base 2, what is 1001111010 + 11?
1001111101
In base 14, what is 27 + -2?
25
In base 16, what is -d - 0?
-d
In base 13, what is -5 + -25?
-2a
In base 9, what is 54 - -4?
58
In base 4, what is -12 - 121?
-133
In base 15, what is 1 + 370?
371
In base 7, what is -113145 - 3?
-113151
In base 15, what is -b1 - -2?
-ae
In base 15, what is -4 - 5bb?
-5c0
In base 16, what is -24 + -6?
-2a
In base 7, what is 3560 + -2?
3555
In base 12, what is -17 - -7?
-10
In base 5, what is 114 - 13?
101
In base 6, what is -521 + 13?
-504
In base 15, what is -4 + 25?
21
In base 11, what is -2 - -86?
84
In base 5, what is 2432 - -4?
2441
In base 14, what is -212 - 5?
-217
In base 8, what is -3 + -2763?
-2766
In base 4, what is -13 + -103?
-122
In base 7, what is 125 - -1?
126
In base 2, what is 101001010 - 1011?
100111111
In base 3, what is 1002 + 0?
1002
In base 15, what is 1a + 8?
23
In base 13, what is 1 + -2?
-1
In base 5, what is -104 - -4?
-100
In base 11, what is 10286 - 0?
10286
In base 8, what is 311 + 50?
361
In base 16, what is -1b2 - -2?
-1b0
In base 3, what is 1012122 + 1?
1012200
In base 6, what is 213 - 43?
130
In base 9, what is -1021 + -1?
-1022
In base 8, what is -115 - -3?
-112
In base 12, what is 8a - 54?
36
In base 16, what is 3 - -44?
47
In base 3, what is 1021201112 + -10?
1021201102
In base 2, what is 0 - -100011?
100011
In base 13, what is -121 - 2?
-123
In base 8, what is 145 + 4?
151
In base 2, what is -1 - 110010000?
-110010001
In base 7, what is -1022 - -10?
-1012
In base 5, what is 1021 + 3?
1024
In base 2, what is -11100101 + 101?
-11100000
In base 14, what is 207 - 0?
207
In base 11, what is -539 - 0?
-539
In base 5, what is 0 + 22410?
22410
In base 16, what is 6 + -78?
-72
In base 7, what is 1123 - -3?
1126
In base 4, what is -3332 + 2?
-3330
In base 3, what is -220 + 2?
-211
In base 4, what is 11 - -1033?
1110
In base 4, what is -21203332 + -11?
-21210003
In base 15, what is 1b + -24?
-8
In base 15, what is -43b + 6?
-435
In base 2, what is 10000 - 100010?
-10010
In base 2, what is 1011010011 + -10?
1011010001
In base 9, what is -22 - 21?
-43
In base 14, what is -1 + -1164?
-1165
In base 11, what is 5 + -1875?
-1870
In base 4, what is -1311221 - 2?
-1311223
In base 14, what is 116 + 3?
119
In base 7, what is -26 - -2?
-24
In base 7, what is -530 + 5?
-522
In